ime factors of 5831.
7, 17
What are the prime factors of 649?
11, 59
List the prime factors of 1258.
2, 17, 37
What are the prime factors of 22394?
2, 11197
List the prime factors of 88268.
2, 22067
List the prime factors of 11842.
2, 31, 191
What are the prime factors of 945?
3, 5, 7
What are the prime factors of 4693?
13, 19
List the prime factors of 54355.
5, 7, 1553
List the prime factors of 20728.
2, 2591
List the prime factors of 1262.
2, 631
List the prime factors of 27425.
5, 1097
List the prime factors of 27916.
2, 7, 997
List the prime factors of 22887.
3, 2543
What are the prime factors of 5822?
2, 41, 71
List the prime factors of 38.
2, 19
What are the prime factors of 13379?
17, 787
List the prime factors of 46431.
3, 7, 11, 67
What are the prime factors of 1009?
1009
List the prime factors of 40243.
7, 5749
List the prime factors of 227.
227
List the prime factors of 1196.
2, 13, 23
What are the prime factors of 1642?
2, 821
List the prime factors of 24269.
7, 3467
What are the prime factors of 2107?
7, 43
What are the prime factors of 905?
5, 181
List the prime factors of 6177.
3, 29, 71
List the prime factors of 57.
3, 19
List the prime factors of 571.
571
List the prime factors of 190.
2, 5, 19
What are the prime factors of 6054?
2, 3, 1009
List the prime factors of 8538.
2, 3, 1423
What are the prime factors of 5810?
2, 5, 7, 83
What are the prime factors of 44827?
23, 1949
List the prime factors of 32962.
2, 16481
List the prime factors of 4471.
17, 263
List the prime factors of 13037.
13037
What are the prime factors of 50179?
19, 139
List the prime factors of 1871.
1871
What are the prime factors of 1941?
3, 647
List the prime factors of 1875.
3, 5
What are the prime factors of 52247?
13, 4019
What are the prime factors of 848?
2, 53
What are the prime factors of 20584?
2, 31, 83
What are the prime factors of 4374?
2, 3
List the prime factors of 784.
2, 7
What are the prime factors of 974?
2, 487
List the prime factors of 83794.
2, 41897
What are the prime factors of 394?
2, 197
List the prime factors of 6422.
2, 13, 19
List the prime factors of 4993.
4993
What are the prime factors of 1909?
23, 83
List the prime factors of 21922.
2, 97, 113
List the prime factors of 2784.
2, 3, 29
List the prime factors of 16703.
16703
What are the prime factors of 90?
2, 3, 5
List the prime factors of 64.
2
List the prime factors of 9057.
3, 3019
What are the prime factors of 1666?
2, 7, 17
List the prime factors of 6450.
2, 3, 5, 43
List the prime factors of 100471.
7, 31, 463
What are the prime factors of 8318?
2, 4159
What are the prime factors of 2221?
2221
List the prime factors of 28.
2, 7
List the prime factors of 57133.
19, 31, 97
What are the prime factors of 20536?
2, 17, 151
List the prime factors of 46171.
46171
What are the prime factors of 4428?
2, 3, 41
List the prime factors of 2851.
2851
List the prime factors of 77881.
19, 4099
List the prime factors of 3390.
2, 3, 5, 113
What are the prime factors of 58137?
3, 19379
List the prime factors of 5508.
2, 3, 17
List the prime factors of 16543.
71, 233
What are the prime factors of 11036?
2, 31, 89
What are the prime factors of 15301?
11, 13, 107
What are the prime factors of 2420?
2, 5, 11
List the prime factors of 17821.
71, 251
What are the prime factors of 1339?
13, 103
What are the prime factors of 6887?
71, 97
What are the prime factors of 582?
2, 3, 97
What are the prime factors of 642?
2, 3, 107
What are the prime factors of 34310?
2, 5, 47, 73
List the prime factors of 1305.
3, 5, 29
List the prime factors of 94032.
2, 3, 653
List the prime factors of 2617.
2617
What are the prime factors of 4877?
4877
List the prime factors of 36287.
131, 277
List the prime factors of 7254.
2, 3, 13, 31
List the prime factors of 2132.
2, 13, 41
What are the prime factors of 1092?
2, 3, 7, 13
List the prime factors of 1715.
5, 7
List the prime factors of 33244.
2, 8311
What are the prime factors of 6802?
2, 19, 179
List the prime factors of 127.
127
List the prime factors of 57483.
3, 2129
What are the prime factors of 6696?
2, 3, 31
List the prime factors of 3924.
2, 3, 109
List the prime factors of 3173.
19, 167
List the prime factors of 996.
2, 3, 83
What are the prime factors of 1531?
1531
What are the prime factors of 12471?
3, 4157
What are the prime factors of 1443?
3, 13, 37
What are the prime factors of 1841?
7, 263
What are the prime factors of 20332?
2, 13, 17, 23
What are the prime factors of 21238?
2, 7, 37, 41
What are the prime factors of 7178?
2, 37, 97
What are the prime factors of 38044?
2, 9511
What are the prime factors of 538?
2, 269
List the prime factors of 47156.
2, 11789
What are the prime factors of 72363?
3, 24121
List the prime factors of 922.
2, 461
List the prime factors of 41728.
2, 163
List the prime factors of 63947.
13, 4919
List the prime factors of 3032.
2, 379
What are the prime factors of 2047?
23, 89
List the prime factors of 20741.
7, 2963
What are the prime factors of 1169?
7, 167
List the prime factors of 15772.
2, 3943
What are the prime factors of 58994?
2, 13, 2269
List the prime factors of 279.
3, 31
What are the prime factors of 9569?
7, 1367
What are the prime factors of 1049?
1049
What are the prime factors of 25596?
2, 3, 79
What are the prime factors of 35340?
2, 3, 5, 19, 31
What are the prime factors of 3829?
7, 547
List the prime factors of 3072.
2, 3
List the prime factors of 1125.
3, 5
What are the prime factors of 12?
2, 3
List the prime factors of 50523.
3, 11, 1531
What are the prime factors of 3314?
2, 1657
What are the prime factors of 203?
7, 29
What are the prime factors of 437?
19, 23
What are the prime factors of 451?
11, 41
What are the prime factors of 32249?
7, 17, 271
List the prime factors of 10112.
2, 79
What are the prime factors of 213?
3, 71
List the prime factors of 106772.
2, 26693
List the prime factors of 5281.
5281
What are the prime factors of 20658?
2, 3, 11, 313
What are the prime factors of 8031?
3, 2677
What are the prime factors of 1134?
2, 3, 7
List the prime factors of 420.
2, 3, 5, 7
List the prime factors of 4451.
4451
List the prime factors of 1871.
1871
List the prime factors of 4464.
2, 3, 31
List the prime factors of 116343.
3, 31, 139
List the prime factors of 817.
19, 43
What are the prime factors of 27976?
2, 13, 269
What are the prime factors of 13517?
7, 1931
What are the prime factors of 409?
409
List the prime factors of 20753.
20753
What are the prime factors of 20024?
2, 2503
What are the prime factors of 28935?
3, 5, 643
What are the prime factors of 86628?
2, 3, 7219
List the prime factors of 58107.
3, 7, 2767
List the prime factors of 6516.
2, 3, 181
What are the prime factors of 391?
17, 23
What are the prime factors of 7754?
2, 3877
What are the prime factors of 6890?
2, 5, 13, 53
List the prime factors of 44767.
89, 503
List the prime factors of 20269.
20269
List the prime factors of 1259.
1259
List the prime factors of 99845.
5, 19, 1051
What are the prime factors of 8432?
2, 17, 31
List the prime factors of 26642.
2, 7, 11, 173
What are the prime factors of 12679?
31, 409
List the prime factors of 6140.
2, 5, 307
List the prime factors of 29122.
2, 14561
List the prime factors of 32543.
7, 4649
List the prime factors of 210.
2, 3, 5, 7
What are the prime factors of 8237?
8237
List the prime factors of 5724.
2, 3, 53
List the prime factors of 4089.
3, 29, 47
List the prime factors of 13935.
3, 5, 929
What are the prime factors of 1727?
11, 157
What are the prime factors of 18084?
2, 3, 11, 137
List the prime factors of 55962.
2, 3, 3109
List the prime factors of 15424.
2, 241
List the prime factors of 3699.
3, 137
What are the prime factors of 9586?
2, 4793
List the prime factors of 1784.
2, 223
List the prime factors of 38951.
11, 3541
What are the prime factors of 122?
2, 61
List the prime factors of 394.
2, 197
What are the prime factors of 101?
101
List the prime factors of 2768.
2, 173
List the prime factors of 17553.
3, 5851
List the prime factors of 2126.
2, 1063
List the prime factors of 25047.
3, 11, 23
List the prime factors of 17709.
3, 5903
What are the prime factors of 137524?
2, 34381
List the prime factors of 7309.
7309
List the prime factors of 5749.
5749